86. Does 29 divide f?
True
Let t = 5 + -4. Let a be (-2)/5*t - (-590)/(-25). Is a/32 - 79/(-4) a multiple of 3?
False
Let m(d) = d**3 + 21*d**2 + 17*d - 11. Is 3 a factor of m(-17)?
False
Let t(w) = -29*w - 236. Let j be t(-20). Let c = j - 157. Does 17 divide c?
True
Suppose -3*l + 73 = 5*b + 20, -5*l + 63 = 2*b. Suppose 0 = 17*s - 10432 + l. Does 20 divide s?
False
Suppose 16*x + 52*x - 72443 = 700377. Does 53 divide x?
False
Suppose -333585 + 1681766 = 29*f. Is 25 a factor of f?
False
Let q be 5/10 - (-42)/4. Let t = -124 - -163. Let v = t + q. Is 25 a factor of v?
True
Suppose 0 = -v - 7*x + 4*x + 12, x - 28 = -3*v. Suppose -v*d = -11*d + 6. Suppose y + 3*y + 199 = d*j, 0 = -y + 2. Is j a multiple of 23?
True
Let w be (-2 + -3)/(-15)*39. Suppose -w*j + 12*j - 39 = 0. Let r = j - -79. Is 4 a factor of r?
True
Let b = -4254 + 4908. Is b even?
True
Let n = 398 - -5189. Suppose -8*a + n + 885 = 0. Does 15 divide a?
False
Let a = -93 - -67. Let s(p) = -p + 133. Is s(a) a multiple of 14?
False
Suppose 3*w - 5*w = x - 40349, 4*w - 4*x - 80692 = 0. Is w a multiple of 28?
False
Let l be -9*20/30*6/(-4). Let x(c) = 4*c**2 + c + 25. Let o(m) = 3*m**2 + 24. Let j(w) = 3*o(w) - 2*x(w). Is 22 a factor of j(l)?
False
Let c = 2905 - 2200. Does 30 divide c?
False
Does 43 divide 4*15/40 - 1 - (-1133374)/44?
False
Let k be 5 + 354/(-18) + (-2)/(-3). Is (-410)/k + 1*(-6)/21 a multiple of 3?
False
Suppose -4*d - 2*k - 96 = 0, 0*d + d = -2*k - 27. Let b = -3 - d. Suppose -5*z = -b - 60. Does 8 divide z?
True
Let p be (175/(-70))/(2/(-1080)). Is p/(-36)*(-2)/3 a multiple of 5?
True
Let q be (4/(-6)*-12)/(-49 - -50). Is (-12)/q*40*(-35)/14 a multiple of 30?
True
Suppose 2*y + w = 64, -2*y - y = 3*w - 90. Let h = 57 - 149. Let i = y - h. Does 21 divide i?
True
Let i(t) = -101*t**3 + 26*t**2 + 193*t - 39. Is i(-7) a multiple of 172?
False
Let d = -289 - -296. Let x(n) = 2*n**2 - n + 22. Does 7 divide x(d)?
False
Let o(c) = 21*c**3 - 40*c**3 - 8*c + 24*c**2 + 16 + 20*c**3. Is 13 a factor of o(-24)?
True
Does 326 divide (396/63 + -8)/((-1)/19719)?
False
Let w(f) = -10*f**2 + 190*f - 5. Let d be w(19). Let c(y) be the second derivative of y**4/12 - 7*y**3/3 - 4*y**2 + y. Does 12 divide c(d)?
False
Suppose -2*a + 3*a + 4*b = 11, 3*b = 2*a. Suppose i - 2*y - 358 = -a*i, 0 = -3*i + 2*y + 266. Suppose 0 = -2*t - 20 + i. Is 12 a factor of t?
True
Let r = 21 - 53. Let h = r - -39. Let z(l) = l**3 - 6*l**2 - l - 3. Is z(h) a multiple of 6?
False
Let k(g) be the third derivative of 11*g**6/120 + g**5/60 + g**4/24 - g**3/3 - 17*g**2. Let y be k(1). Suppose 0*s - s = x - y, s = -3. Does 9 divide x?
False
Suppose -4*v + 31 + 37 = 0. Suppose 2 - v = -5*i. Suppose 192 = 6*m - i*m. Is 32 a factor of m?
True
Let n(l) = -2*l + 5. Let g be n(5). Let o = 7 + g. Suppose -3*t = -m + 2*m - 24, o*t = 2*m - 48. Is m even?
True
Let b(c) = 15 - 17*c - 43 + 35*c**2 + 44. Does 9 divide b(1)?
False
Suppose 2*x + 39 = 49. Suppose -x*b - 2*o = -5*o - 393, b - 65 = 4*o. Is 6 a factor of b?
False
Is 85 a factor of (18/72 + (-2)/(-8))*9860?
True
Suppose 0 = -2*h - 5*y + 90, -4*h + h + 113 = 2*y. Suppose -2*d - 2*n + h = -925, 0 = -2*d - 3*n + 960. Is d a multiple of 8?
True
Let n = -224 + 331. Let x = n + -59. Is 48 a factor of x?
True
Let i be (1 + -9)/(((-16)/(-10))/(-4)). Let z(m) = i - 3 - m - 12. Is 4 a factor of z(-11)?
True
Let k = 836 + -901. Let s(r) = -r**2 - 2*r - 1. Let f be s(-6). Let g = f - k. Is g a multiple of 8?
True
Suppose -2*o - 2*c + 8174 = 0, o = 3*c + 1005 + 3062. Does 20 divide o?
False
Let w = 57 + -80. Let q(m) = m**3 + 23*m**2 + 5. Let a be q(w). Suppose 286 = a*x + 4*s, 3*x - 2*s - 220 = -66. Does 27 divide x?
True
Let v = 199 - 37. Suppose 0 = 3*j + r - 367 - v, -5*r = 3*j - 533. Does 16 divide j?
True
Suppose 42*w - 5955 = 37*w. Is w a multiple of 27?
False
Let d = -543 - -542. Is (77 - -197) + d + 2 a multiple of 3?
False
Let k be 21*(27/7 - (9 + -6)). Suppose k*h = 15*h + 36. Is 2020/h - -2 - (-4)/(-12) a multiple of 17?
True
Suppose -3*m - 59 = -u, -4*m + 49 = -7*m - u. Is 12 a factor of ((-118)/(-2))/((-6)/m)?
False
Let m(x) = x**3 + 18*x**2 + 24*x + 48. Let o be m(-16). Let i = -64 + o. Is 5 a factor of i?
False
Let o = 47 + -6. Let k = -47 + o. Is 15 a factor of k + 7 + (-1 - -180)?
True
Suppose 0*h + 6 = 4*t - 3*h, -3*t + 8 = -4*h. Suppose t = -4*r + 4*u + 52, r = -u + 4*u + 23. Let b(q) = q**2 - 5*q - 9. Is 14 a factor of b(r)?
False
Let r(d) = -15*d - 146. Let b(u) = 13*u + 146. Let i(h) = 3*b(h) + 2*r(h). Is 19 a factor of i(7)?
True
Let b(i) = 16*i**2 - 49*i + 209. Let j(n) = 3*n**2 - 10*n + 42. Let m(f) = -2*b(f) + 11*j(f). Is m(20) a multiple of 68?
True
Let y(b) = -b**3 - 23*b**2 + 23*b - 8. Let x be y(-24). Suppose 20*c = x*c - 180. Let j = -37 - c. Is 8 a factor of j?
True
Suppose -7*s + 3*s = -8. Suppose s*y = 3*y - 504. Is (y/54)/((-2)/(-6)) a multiple of 7?
True
Is 35 a factor of -11 + 1*27/(-45)*-8185?
True
Suppose -2*p + 3036 = 4*w, -53*p + 49*p = -5*w - 6150. Is p a multiple of 12?
False
Let i(l) = 8*l + 2. Let d be i(2). Suppose 4 = -16*c + d*c. Suppose -5*s - 4*f = -387, 5*f + 141 = c*s + 2*f. Is s a multiple of 15?
True
Let k = -274 - -274. Suppose -12*o + 570 - 198 = k. Is 4 a factor of o?
False
Let d(x) = -297 + 238 - 9*x - 29*x. Is 5 a factor of d(-11)?
False
Let l(f) = -5*f**3 + 4*f**2 + 124*f - 40. Is 103 a factor of l(-10)?
True
Does 7 divide (-6)/8 + 346392/32?
False
Let a = 115 - 110. Is 44 a factor of a/((3/(-4))/((-759)/23))?
True
Let x = -20 - -38. Suppose c = -3*v - 46, 4*v = 5*c - x - 18. Is (12/v)/3 - 714/(-98) even?
False
Suppose 149*y - 115*y = 671296. Is 99 a factor of y?
False
Let x be 2 + 8*6/(-12). Does 99 divide 12*x/4*-99?
True
Let k = -3157 + 6391. Is 49 a factor of k?
True
Suppose 640 = 3*c + 2*p, 3*c - 660 = -0*c + 3*p. Let s = 216 + c. Is s a multiple of 6?
True
Suppose 176204 = 18*b + 163697 - 318567. Is b a multiple of 11?
False
Let i be 60384/1443 + (15/13 - 1). Is (i/45)/(-7) - (-9908)/60 a multiple of 7?
False
Let j(i) = -8*i**3 - 70*i**2 - 521*i + 9. Is j(-7) a multiple of 15?
True
Let y(k) = k**2 + 15*k + 9. Let g be y(-9). Let i = g - -79. Is 2 a factor of i?
True
Suppose -2*d + 4*b + 1546 - 26 = 0, -3*d = -b - 2270. Is 7 a factor of d?
True
Let w(t) = 1336*t**2 - 186*t - 374. Does 18 divide w(-2)?
False
Let r(w) = 11*w**2 + 32*w + 52. Let t be r(33). Suppose -t = -53*i + 33765. Is i a multiple of 34?
True
Suppose 3 = 4*p - 13. Suppose 3*l - 3*c = -0*c + 132, -4*c = -5*l + 216. Suppose p*w - 164 = -l. Is w a multiple of 31?
True
Let h = -80 - -1748. Does 64 divide h?
False
Let b(x) = 11*x**3 + 6*x**2 + 9*x + 6. Let u be b(-2). Let z = 148 + u. Does 41 divide z?
False
Does 99 divide 33/(3/(-44)*(12 - (-880)/(-72)))?
True
Let t be 2/(8 + (-135)/18). Let x(u) = -2*u**3 - 4. Let w(s) = -s**2 - 1. Let i(b) = 3*w(b) - x(b). Does 17 divide i(t)?
False
Let s(b) = 9*b - 120. Let j(m) = -4*m + 60. Let z(q) = 7*j(q) + 3*s(q). Is z(16) a multiple of 11?
True
Let b = -73 + 106. Let q(w) = -w**2 + 33*w + 19. Is 11 a factor of q(b)?
False
Suppose -5*x + 14766 = -5*n - 7084, -17*x + 5*n = -74302. Does 13 divide x?
False
Suppose -1463 = -24*b + 23*b. Suppose -b = -14*m + 1561. Is 24 a factor of m?
True
Let g = -25684 - -68328. Is 264 a factor of g?
False
Let q(f) = f**3 - 35*f**2 + 208*f - 368. Is 74 a factor of q(36)?
False
Suppose 0 = -89*j + 86*j + 93. Suppose 0 = 34*o - j*o - 177. Does 5 divide o?
False
Let x(c) = -15*c - 8*c**2 + 0*c**3 - c**3 + 5 + 6*c**2. Let m be x(-7). Suppose -261 = -7*t + m. Is t a multiple of 22?
True
Suppose -7*l + 19531 = -22819. Is l a multiple of 50?
True
Let p be -1*2/(-1) + 0. Suppose -4*o + 3*m + 10 = p*m, -2*o - 3*m = 2. Suppose -4*z + 526 = -j + 3*j, -4*z + o*j = -530. Is 33 a factor of z?
True
Let j(x) be the second derivative of 33/2*x**2 + 0 - 1/6*x**3 + 13*x. Is j(-11) a multiple of 9?
False
Suppose 661 = 4*r + z, -326 = -2*r - 100*z + 104*z. Does 3 divide r?
True
Let p(j) = 710*j + 3. Let b be p(-1). Does 76 divide -12*b/84*3?
False
Does 42 divide 181/10 + -18 + 87479/10?
False
Suppose 2*c + 5 = 3*c. Suppose c = b - 59. Suppose 2*r = 5*p - 2*p - 212, -p + b = r. Is p a multiple of 8?
False
Let t be 16/(-24) - 227/(-3). Let x be (-45)/t - 3/(-5). Suppose v = 3*k + 81, 2*v - 6*v - 3*